43664.
2, 3, 41, 73
What are the prime factors of 568321?
13, 43717
List the prime factors of 151030.
2, 5, 11, 1373
List the prime factors of 833519.
313, 2663
What are the prime factors of 270791?
270791
List the prime factors of 4718743.
67, 70429
What are the prime factors of 53288?
2, 6661
What are the prime factors of 95377?
127, 751
What are the prime factors of 6153602?
2, 7, 13, 33811
What are the prime factors of 950806?
2, 475403
What are the prime factors of 9616722?
2, 3, 853, 1879
List the prime factors of 4730402.
2, 2365201
List the prime factors of 323724.
2, 3, 53, 509
List the prime factors of 5898509.
5898509
What are the prime factors of 1938024?
2, 3, 11, 2447
What are the prime factors of 5942970?
2, 3, 5, 11, 23, 29
List the prime factors of 2601830.
2, 5, 7, 11, 31, 109
List the prime factors of 484017.
3, 161339
List the prime factors of 275573.
275573
What are the prime factors of 137730?
2, 3, 5, 4591
What are the prime factors of 3583823?
1019, 3517
List the prime factors of 3283070.
2, 5, 7, 46901
What are the prime factors of 3639815?
5, 71, 10253
What are the prime factors of 11585545?
5, 2317109
List the prime factors of 243648.
2, 3, 47
List the prime factors of 444035.
5, 88807
What are the prime factors of 17210809?
7, 11, 37, 863
List the prime factors of 319631.
13, 23, 1069
List the prime factors of 2996889.
3, 7, 19, 29, 37
What are the prime factors of 6862728?
2, 3, 269, 1063
What are the prime factors of 87447?
3, 103, 283
List the prime factors of 475079.
11, 43189
What are the prime factors of 386317?
37, 53, 197
List the prime factors of 8325998.
2, 4162999
List the prime factors of 9182865.
3, 5, 23, 43, 619
What are the prime factors of 35260?
2, 5, 41, 43
What are the prime factors of 15628783?
421, 37123
What are the prime factors of 13961428?
2, 13, 19, 1087
What are the prime factors of 5025597?
3, 1675199
What are the prime factors of 211795?
5, 42359
List the prime factors of 2532307.
2532307
What are the prime factors of 766494?
2, 3, 97, 439
What are the prime factors of 19235344?
2, 983, 1223
List the prime factors of 5512146.
2, 3, 29, 79, 401
What are the prime factors of 5984228?
2, 47, 139, 229
What are the prime factors of 2218071?
3, 47, 15731
List the prime factors of 1230332.
2, 307583
What are the prime factors of 42268?
2, 10567
What are the prime factors of 4165561?
17, 245033
List the prime factors of 6900147.
3, 17, 5011
What are the prime factors of 858924?
2, 3, 11, 241
What are the prime factors of 1979435?
5, 395887
What are the prime factors of 5845?
5, 7, 167
List the prime factors of 288970.
2, 5, 11, 37, 71
List the prime factors of 25581691.
25581691
List the prime factors of 3455744.
2, 13499
What are the prime factors of 12360808?
2, 1545101
List the prime factors of 777423.
3, 19, 23, 593
List the prime factors of 446070.
2, 3, 5, 14869
List the prime factors of 236806.
2, 167, 709
What are the prime factors of 116156?
2, 71, 409
What are the prime factors of 5398358?
2, 7, 385597
What are the prime factors of 83172?
2, 3, 29, 239
List the prime factors of 327006.
2, 3, 37, 491
List the prime factors of 4079682.
2, 3, 226649
What are the prime factors of 3100413?
3, 467, 2213
List the prime factors of 3518568.
2, 3, 48869
List the prime factors of 16558354.
2, 43, 192539
List the prime factors of 10816397.
109, 99233
What are the prime factors of 14547238?
2, 7273619
List the prime factors of 8404698.
2, 3, 17, 37, 131
What are the prime factors of 3428007?
3, 11, 73, 1423
List the prime factors of 1345226.
2, 67, 10039
List the prime factors of 826839.
3, 13, 37, 191
What are the prime factors of 2088216?
2, 3, 13, 23, 97
List the prime factors of 2023889.
7, 289127
What are the prime factors of 151512?
2, 3, 59, 107
What are the prime factors of 11022807?
3, 3674269
List the prime factors of 1655040.
2, 3, 5, 431
List the prime factors of 11556022.
2, 17, 283, 1201
What are the prime factors of 8817812?
2, 2204453
List the prime factors of 322633.
322633
List the prime factors of 3104445.
3, 5, 67, 3089
List the prime factors of 1930397.
7, 97, 2843
What are the prime factors of 666870?
2, 3, 5, 22229
What are the prime factors of 461066?
2, 269, 857
List the prime factors of 26469891.
3, 7, 67, 6271
List the prime factors of 3469678.
2, 151, 11489
List the prime factors of 846939.
3, 282313
What are the prime factors of 3196227?
3, 1065409
What are the prime factors of 3480925?
5, 7, 19891
List the prime factors of 149563.
149563
What are the prime factors of 514720?
2, 5, 3217
List the prime factors of 336152.
2, 42019
List the prime factors of 171358.
2, 11, 7789
What are the prime factors of 334253?
157, 2129
What are the prime factors of 6121356?
2, 3, 293, 1741
What are the prime factors of 1056904?
2, 132113
List the prime factors of 14456899.
37, 390727
What are the prime factors of 5546658?
2, 3, 13, 17, 47, 89
List the prime factors of 14598173.
41, 79, 4507
What are the prime factors of 173094?
2, 3, 17, 1697
List the prime factors of 12370199.
89, 131, 1061
What are the prime factors of 2485871?
41, 60631
What are the prime factors of 33688758?
2, 3, 1223, 4591
List the prime factors of 388342.
2, 281, 691
What are the prime factors of 1109130?
2, 3, 5, 11, 3361
What are the prime factors of 1745697?
3, 37, 15727
What are the prime factors of 55132?
2, 7, 11, 179
List the prime factors of 11089163.
11089163
List the prime factors of 20655786.
2, 3, 3442631
What are the prime factors of 488473?
488473
What are the prime factors of 963058?
2, 67, 7187
List the prime factors of 8027096.
2, 7, 11, 83, 157
What are the prime factors of 340218?
2, 3, 41, 461
List the prime factors of 1126469.
131, 8599
List the prime factors of 304462.
2, 152231
List the prime factors of 3404395.
5, 680879
List the prime factors of 92530.
2, 5, 19, 487
What are the prime factors of 246893?
149, 1657
List the prime factors of 223402.
2, 19, 5879
What are the prime factors of 47146?
2, 11, 2143
List the prime factors of 660662.
2, 330331
List the prime factors of 129330.
2, 3, 5, 479
List the prime factors of 92957.
92957
List the prime factors of 4255916.
2, 7, 17, 8941
What are the prime factors of 1090045?
5, 11, 19819
List the prime factors of 127518.
2, 3, 53, 401
List the prime factors of 9821352.
2, 3, 229, 1787
What are the prime factors of 156559?
13, 12043
What are the prime factors of 84961?
84961
List the prime factors of 2189941.
13, 168457
List the prime factors of 547920.
2, 3, 5, 761
List the prime factors of 4799172.
2, 3, 7, 19, 31, 97
List the prime factors of 121402.
2, 101, 601
What are the prime factors of 1327343?
17, 78079
What are the prime factors of 414306?
2, 3, 23017
List the prime factors of 306688.
2, 599
List the prime factors of 250708.
2, 233, 269
What are the prime factors of 14145102?
2, 3, 785839
List the prime factors of 164981.
29, 5689
List the prime factors of 14137646.
2, 7068823
What are the prime factors of 1294713?
3, 7, 20551
List the prime factors of 2304154.
2, 1152077
What are the prime factors of 204332?
2, 23, 2221
What are the prime factors of 969839?
13, 61, 1223
What are the prime factors of 572908?
2, 7, 37, 79
List the prime factors of 1581607.
1581607
What are the prime factors of 4230014?
2, 2115007
List the prime factors of 115339.
7, 16477
List the prime factors of 1397784.
2, 3, 139, 419
What are the prime factors of 6583137?
3, 11, 199489
What are the prime factors of 3431527?
11, 311957
What are the prime factors of 2843387?
59, 48193
What are the prime factors of 510909?
3, 7, 24329
What are the prime factors of 572668?
2, 61, 2347
List the prime factors of 3259375.
5, 7, 149
What are the prime factors of 850705?
5, 170141
List the prime factors of 51925.
5, 31, 67
List the prime factors of 4163757.
3, 13, 241, 443
What are the prime factors of 734198?
2, 19, 139
List the prime factors of 708589.
7, 14461
What are the prime factors of 8353461?
3, 1237, 2251
List the prime factors of 26700539.
23, 1160893
List the prime factors of 113427.
3, 4201
What are the prime factors of 381490?
2, 5, 38149
What are the prime factors of 287890?
2, 5, 28789
What are the prime factors of 211079?
11, 31, 619
What are the 